{"id":2,"date":"2021-10-27T13:53:19","date_gmt":"2021-10-27T13:53:19","guid":{"rendered":"https:\/\/adliberum.lt\/?page_id=2"},"modified":"2023-04-29T07:43:12","modified_gmt":"2023-04-29T07:43:12","slug":"pradinis","status":"publish","type":"page","link":"https:\/\/adliberum.lt\/mokymai\/","title":{"rendered":"Pradinis"},"content":{"rendered":"\t\t<div data-elementor-type=\"wp-page\" data-elementor-id=\"2\" class=\"elementor elementor-2\" data-elementor-settings=\"[]\">\n\t\t\t\t\t\t\t<div class=\"elementor-section-wrap\">\n\t\t\t\t\t\t\t<section data-particle_enable=\"false\" data-particle-mobile-disabled=\"false\" class=\"elementor-section elementor-top-section elementor-element elementor-element-659f2b7 elementor-section-height-min-height elementor-section-stretched elementor-section-boxed elementor-section-height-default elementor-section-items-middle\" data-id=\"659f2b7\" data-element_type=\"section\" id=\"particles-js\" data-settings=\"{&quot;stretch_section&quot;:&quot;section-stretched&quot;,&quot;background_background&quot;:&quot;classic&quot;}\">\n\t\t\t\t\t\t<div class=\"elementor-container elementor-column-gap-default\">\n\t\t\t\t\t<div class=\"elementor-column elementor-col-50 elementor-top-column elementor-element elementor-element-411d985\" data-id=\"411d985\" data-element_type=\"column\">\n\t\t\t<div class=\"elementor-widget-wrap elementor-element-populated\">\n\t\t\t\t\t\t\t\t<div class=\"elementor-element elementor-element-e49a950 elementor-widget elementor-widget-heading\" data-id=\"e49a950\" data-element_type=\"widget\" data-widget_type=\"heading.default\">\n\t\t\t\t<div class=\"elementor-widget-container\">\n\t\t\t<h2 class=\"elementor-heading-title elementor-size-default\">Efektyvi reklama, kuri parduoda.<\/h2>\t\t<\/div>\n\t\t\t\t<\/div>\n\t\t\t\t<div class=\"elementor-element elementor-element-e8ad9b7 elementor-widget elementor-widget-html\" data-id=\"e8ad9b7\" data-element_type=\"widget\" data-widget_type=\"html.default\">\n\t\t\t\t<div class=\"elementor-widget-container\">\n\t\t\t<style>\r\n    .particles-js-canvas-el {\r\n    width: 100%;\r\n    height: 100%;\r\n    position: absolute;\r\n    z-index: 0;\r\n    top: 0;\r\n}\r\n<\/style>\r\n\r\n<script src=\"https:\/\/cdn.jsdelivr.net\/particles.js\/2.0.0\/particles.min.js\"><\/script> \r\n\r\n<script>\r\nparticlesJS(\"particles-js\", {\"particles\":{\"number\":{\"value\":6,\"density\":{\"enable\":true,\"value_area\":800}},\"color\":{\"value\":\"#ffffff\"},\"shape\":{\"type\":\"circle\",\"stroke\":{\"width\":0,\"color\":\"#000\"},\"polygon\":{\"nb_sides\":12},\"image\":{\"src\":\"img\/github.svg\",\"width\":100,\"height\":100}},\"opacity\":{\"value\":0.3,\"random\":true,\"anim\":{\"enable\":false,\"speed\":1,\"opacity_min\":0.1,\"sync\":false}},\"size\":{\"value\":160,\"random\":false,\"anim\":{\"enable\":true,\"speed\":10,\"size_min\":40,\"sync\":false}},\"line_linked\":{\"enable\":false,\"distance\":200,\"color\":\"#ffffff\",\"opacity\":1,\"width\":2},\"move\":{\"enable\":true,\"speed\":8,\"direction\":\"none\",\"random\":false,\"straight\":false,\"out_mode\":\"out\",\"bounce\":false,\"attract\":{\"enable\":false,\"rotateX\":600,\"rotateY\":1200}}},\"interactivity\":{\"detect_on\":\"canvas\",\"events\":{\"onhover\":{\"enable\":false,\"mode\":\"grab\"},\"onclick\":{\"enable\":false,\"mode\":\"push\"},\"resize\":true},\"modes\":{\"grab\":{\"distance\":400,\"line_linked\":{\"opacity\":1}},\"bubble\":{\"distance\":400,\"size\":40,\"duration\":2,\"opacity\":8,\"speed\":3},\"repulse\":{\"distance\":200,\"duration\":0.4},\"push\":{\"particles_nb\":4},\"remove\":{\"particles_nb\":2}}},\"retina_detect\":true});var count_particles, stats, update; stats = new Stats; stats.setMode(0); stats.domElement.style.position = 'absolute'; stats.domElement.style.left = '0px'; stats.domElement.style.top = '0px'; document.body.appendChild(stats.domElement); count_particles = document.querySelector('.js-count-particles'); update = function() { stats.begin(); stats.end(); if (window.pJSDom[0].pJS.particles && window.pJSDom[0].pJS.particles.array) { count_particles.innerText = window.pJSDom[0].pJS.particles.array.length; } requestAnimationFrame(update); }; requestAnimationFrame(update);;\r\n<\/script>\r\n\r\n\t\t<\/div>\n\t\t\t\t<\/div>\n\t\t\t\t\t<\/div>\n\t\t<\/div>\n\t\t\t\t<div class=\"elementor-column elementor-col-50 elementor-top-column elementor-element elementor-element-616df0a\" data-id=\"616df0a\" data-element_type=\"column\">\n\t\t\t<div class=\"elementor-widget-wrap elementor-element-populated\">\n\t\t\t\t\t\t\t\t<div class=\"elementor-element elementor-element-8c8496f elementor-widget elementor-widget-image\" data-id=\"8c8496f\" data-element_type=\"widget\" data-widget_type=\"image.default\">\n\t\t\t\t<div class=\"elementor-widget-container\">\n\t\t\t\t\t\t\t\t\t\t\t\t\t\t\t<img decoding=\"async\" width=\"800\" height=\"800\" src=\"https:\/\/adliberum.lt\/mokymai\/wp-content\/uploads\/2023\/04\/6Z3A0963.jpg-3-768x768-1-1024x1024.jpg\" class=\"attachment-large size-large\" alt=\"\" loading=\"lazy\" srcset=\"https:\/\/adliberum.lt\/mokymai\/wp-content\/uploads\/2023\/04\/6Z3A0963.jpg-3-768x768-1-1024x1024.jpg 1024w, https:\/\/adliberum.lt\/mokymai\/wp-content\/uploads\/2023\/04\/6Z3A0963.jpg-3-768x768-1-300x300.jpg 300w, https:\/\/adliberum.lt\/mokymai\/wp-content\/uploads\/2023\/04\/6Z3A0963.jpg-3-768x768-1-150x150.jpg 150w, https:\/\/adliberum.lt\/mokymai\/wp-content\/uploads\/2023\/04\/6Z3A0963.jpg-3-768x768-1-600x600.jpg 600w, https:\/\/adliberum.lt\/mokymai\/wp-content\/uploads\/2023\/04\/6Z3A0963.jpg-3-768x768-1-100x100.jpg 100w, https:\/\/adliberum.lt\/mokymai\/wp-content\/uploads\/2023\/04\/6Z3A0963.jpg-3-768x768-1.jpg 768w\" sizes=\"(max-width: 800px) 100vw, 800px\" \/>\t\t\t\t\t\t\t\t\t\t\t\t\t\t\t<\/div>\n\t\t\t\t<\/div>\n\t\t\t\t\t<\/div>\n\t\t<\/div>\n\t\t\t\t\t\t\t<\/div>\n\t\t<\/section>\n\t\t\t\t<section data-particle_enable=\"false\" data-particle-mobile-disabled=\"false\" class=\"elementor-section elementor-top-section elementor-element elementor-element-559ab60 elementor-section-boxed elementor-section-height-default elementor-section-height-default\" data-id=\"559ab60\" data-element_type=\"section\" data-settings=\"{&quot;background_background&quot;:&quot;classic&quot;}\">\n\t\t\t\t\t\t<div class=\"elementor-container elementor-column-gap-default\">\n\t\t\t\t\t<div class=\"elementor-column elementor-col-100 elementor-top-column elementor-element elementor-element-a890214\" data-id=\"a890214\" data-element_type=\"column\">\n\t\t\t<div class=\"elementor-widget-wrap elementor-element-populated\">\n\t\t\t\t\t\t\t\t<div class=\"elementor-element elementor-element-2cc0a9a elementor-widget elementor-widget-heading\" data-id=\"2cc0a9a\" data-element_type=\"widget\" data-widget_type=\"heading.default\">\n\t\t\t\t<div class=\"elementor-widget-container\">\n\t\t\t<h2 class=\"elementor-heading-title elementor-size-default\">Meta reklamos mokymai ir marketingo agent\u016bra augantiems verslams.<\/h2>\t\t<\/div>\n\t\t\t\t<\/div>\n\t\t\t\t\t<\/div>\n\t\t<\/div>\n\t\t\t\t\t\t\t<\/div>\n\t\t<\/section>\n\t\t\t\t<section data-particle_enable=\"false\" data-particle-mobile-disabled=\"false\" class=\"elementor-section elementor-top-section elementor-element elementor-element-4c096df elementor-section-boxed elementor-section-height-default elementor-section-height-default\" data-id=\"4c096df\" data-element_type=\"section\" id=\"timetable\">\n\t\t\t\t\t\t<div class=\"elementor-container elementor-column-gap-default\">\n\t\t\t\t\t<div class=\"elementor-column elementor-col-100 elementor-top-column elementor-element elementor-element-0fae42c\" data-id=\"0fae42c\" data-element_type=\"column\">\n\t\t\t<div class=\"elementor-widget-wrap elementor-element-populated\">\n\t\t\t\t\t\t\t\t<div class=\"elementor-element elementor-element-56e2262 elementor-hidden-desktop elementor-hidden-tablet elementor-hidden-mobile elementor-widget elementor-widget-heading\" data-id=\"56e2262\" data-element_type=\"widget\" data-widget_type=\"heading.default\">\n\t\t\t\t<div class=\"elementor-widget-container\">\n\t\t\t<h2 class=\"elementor-heading-title elementor-size-default\">Ad Liberum paslaugos<\/h2>\t\t<\/div>\n\t\t\t\t<\/div>\n\t\t\t\t<div class=\"elementor-element elementor-element-796860d elementor-widget elementor-widget-eael-woo-product-slider\" data-id=\"796860d\" data-element_type=\"widget\" data-widget_type=\"eael-woo-product-slider.default\">\n\t\t\t\t<div class=\"elementor-widget-container\">\n\t\t\t\n        <div class=\"swiper-container-wrap eael-woo-product-slider-container preset-1 swiper-container-wrap-dots-outside\" id=\"eael-product-slider-796860d\" data-widget-id=\"796860d\" >\n            <div class=\"woocommerce swiper-container eael-woo-product-slider swiper-container-796860d eael-product-appender-796860d swiper-image-stretch\" data-pagination=\".swiper-pagination-796860d\" data-arrow-next=\".swiper-button-next-796860d\" data-arrow-prev=\".swiper-button-prev-796860d\" data-show-effect=\"yes\" data-type=\"preset-1\" data-speed=\"400\" data-autoplay=\"0\" data-loop=\"1\" data-dots=\"1\" data-animation=\"zoomIn\"><ul class=\"swiper-wrapper products\">    <li class=\"mokymas-block\">\n        <div class=\"eael-product-slider \">\n            <div class=\"product-details-wrap\">\n                <div class=\"product-details\">\n\t\t\t\t\t<br \/>\n\t\t\t        <a href=\"https:\/\/adliberum.lt\/mokymai\/mokymai\/meta-reklama-abc-irasai\/\"><div class=\"eael-product-title\"><h2>Meta reklamos mokymai pradedantiesiems (video \u012fra\u0161ai + skaidr\u0117s)<\/h2><\/div><\/a>\t\t\t\t\t<br \/>\n\t\t\t\t\t<ul class=\"elementor-icon-list-items\">\n\t\t\t\t\t\t<li class=\"elementor-icon-list-item\">\n\t\t\t\t\t\t\t<span class=\"elementor-icon-list-icon blue-spalva\"><i aria-hidden=\"true\" class=\"far fa-calendar-alt\"><\/i><\/span>\n\t\t\t\t\t\t\t<span class=\"elementor-icon-list-text\">Mokykis kada nori<\/span>\n\t\t\t\t\t\t<\/li>\n\t\t\t\t\t\t\t\t\t\t\t\t<li class=\"elementor-icon-list-item\">\n\t\t\t\t\t\t\t<span class=\"elementor-icon-list-icon blue-spalva\"><i aria-hidden=\"true\" class=\"fas fa-book-open\"><\/i><\/span>\n\t\t\t\t\t\t\t<span class=\"elementor-icon-list-text\">7 ak. val.<\/span>\n\t\t\t\t\t\t<\/li>\n\t\t\t\t\t<\/ul>\n\t\t\t\t\t\n\t\t\t\t\t\n\n\t\t\t\t\t\t<div class=\"elementor-button-wrapper\">\n\t\t\t\t\t\t\t<a style=\"padding: 5px 10px;color: white;font-weight: 600;padding-top: 7px; background: #2d8cff;\" class=\"elementor-button elementor-size-xs\" role=\"button\">\n\t\t\t\t\t\t\t\t<span class=\"elementor-button-content-wrapper\">\n\t\t\t\t\t\t\t\t\t<span class=\"elementor-button-icon elementor-align-icon-left\">\n\t\t\t\t\t\t\t\t\t\t<i aria-hidden=\"true\" class=\"far fa-eye\"><\/i>\n\t\t\t\t\t\t\t\t\t<\/span>\n\t\t\t\t\t\t\t\t\t<span class=\"elementor-button-text\">Video \u012fra\u0161ai + skaidr\u0117s<\/span>\n\t\t\t\t\t\t\t\t<\/span>\n\t\t\t\t\t\t\t<\/a>\n\t\t\t\t\t\t<\/div>\t\t\t\n\n\t\t\t\t\t\n\t\t\t        \t\t\t        <div class=\"eael-product-price\"><span class=\"woocommerce-Price-amount amount\"><bdi>85.00&nbsp;<span class=\"woocommerce-Price-currencySymbol\">&euro;<\/span><\/bdi><\/span><\/div>\t\t\t\t\t\n\t\t\t\t\t<a class=\"daugiau-info\" href=\"https:\/\/adliberum.lt\/mokymai\/mokymai\/meta-reklama-abc-irasai\/\"><i class=\"fas fa-link\"><\/i> Daugiau informacijos<\/a>                <\/div>\n\n            <\/div>\n            <div class=\"product-image-wrap\">\n                <div class=\"image-wrap\">\n                    <a href=\"https:\/\/adliberum.lt\/mokymai\/mokymai\/meta-reklama-abc-irasai\/\"><img width=\"770\" height=\"770\" src=\"https:\/\/adliberum.lt\/mokymai\/wp-content\/uploads\/2022\/05\/student-g46b38f325_1920-2-copy.jpg\" class=\"attachment-full size-full\" alt=\"\" decoding=\"async\" loading=\"eager\" srcset=\"https:\/\/adliberum.lt\/mokymai\/wp-content\/uploads\/2022\/05\/student-g46b38f325_1920-2-copy.jpg 770w, https:\/\/adliberum.lt\/mokymai\/wp-content\/uploads\/2022\/05\/student-g46b38f325_1920-2-copy-300x300.jpg 300w, https:\/\/adliberum.lt\/mokymai\/wp-content\/uploads\/2022\/05\/student-g46b38f325_1920-2-copy-150x150.jpg 150w, https:\/\/adliberum.lt\/mokymai\/wp-content\/uploads\/2022\/05\/student-g46b38f325_1920-2-copy-768x768.jpg 768w, https:\/\/adliberum.lt\/mokymai\/wp-content\/uploads\/2022\/05\/student-g46b38f325_1920-2-copy-600x600.jpg 600w, https:\/\/adliberum.lt\/mokymai\/wp-content\/uploads\/2022\/05\/student-g46b38f325_1920-2-copy-100x100.jpg 100w\" sizes=\"(max-width: 770px) 100vw, 770px\" \/><\/a>                <\/div>\n            <\/div>\n        <\/div>\n    <\/li>\n        <li class=\"mokymas-block\">\n        <div class=\"eael-product-slider \">\n            <div class=\"product-details-wrap\">\n                <div class=\"product-details\">\n\t\t\t\t\t<br \/>\n\t\t\t        <a href=\"https:\/\/adliberum.lt\/mokymai\/mokymai\/meta-reklamos-mokymai-pro-video-irasai-konsultacija\/\"><div class=\"eael-product-title\"><h2>Meta reklamos mokymai PRO (video \u012fra\u0161ai + 30 min online konsultacija)<\/h2><\/div><\/a>\t\t\t\t\t<br \/>\n\t\t\t\t\t<ul class=\"elementor-icon-list-items\">\n\t\t\t\t\t\t<li class=\"elementor-icon-list-item\">\n\t\t\t\t\t\t\t<span class=\"elementor-icon-list-icon blue-spalva\"><i aria-hidden=\"true\" class=\"far fa-calendar-alt\"><\/i><\/span>\n\t\t\t\t\t\t\t<span class=\"elementor-icon-list-text\">Mokykis kada nori<\/span>\n\t\t\t\t\t\t<\/li>\n\t\t\t\t\t\t\t\t\t\t\t\t<li class=\"elementor-icon-list-item\">\n\t\t\t\t\t\t\t<span class=\"elementor-icon-list-icon blue-spalva\"><i aria-hidden=\"true\" class=\"fas fa-book-open\"><\/i><\/span>\n\t\t\t\t\t\t\t<span class=\"elementor-icon-list-text\">6 ak. val. + 30 min online konsultacija<\/span>\n\t\t\t\t\t\t<\/li>\n\t\t\t\t\t<\/ul>\n\t\t\t\t\t\n\t\t\t\t\t\n\n\t\t\t\t\t\t<div class=\"elementor-button-wrapper\">\n\t\t\t\t\t\t\t<a style=\"padding: 5px 10px;color: white;font-weight: 600;padding-top: 7px; background: #2d8cff;\" class=\"elementor-button elementor-size-xs\" role=\"button\">\n\t\t\t\t\t\t\t\t<span class=\"elementor-button-content-wrapper\">\n\t\t\t\t\t\t\t\t\t<span class=\"elementor-button-icon elementor-align-icon-left\">\n\t\t\t\t\t\t\t\t\t\t<i aria-hidden=\"true\" class=\"far fa-eye\"><\/i>\n\t\t\t\t\t\t\t\t\t<\/span>\n\t\t\t\t\t\t\t\t\t<span class=\"elementor-button-text\">Video \u012fra\u0161ai + 30 min online konsultacija<\/span>\n\t\t\t\t\t\t\t\t<\/span>\n\t\t\t\t\t\t\t<\/a>\n\t\t\t\t\t\t<\/div>\t\t\t\n\n\t\t\t\t\t\n\t\t\t        \t\t\t        <div class=\"eael-product-price\"><span class=\"woocommerce-Price-amount amount\"><bdi>300.00&nbsp;<span class=\"woocommerce-Price-currencySymbol\">&euro;<\/span><\/bdi><\/span><\/div>\t\t\t\t\t\n\t\t\t\t\t<a class=\"daugiau-info\" href=\"https:\/\/adliberum.lt\/mokymai\/mokymai\/meta-reklamos-mokymai-pro-video-irasai-konsultacija\/\"><i class=\"fas fa-link\"><\/i> Daugiau informacijos<\/a>                <\/div>\n\n            <\/div>\n            <div class=\"product-image-wrap\">\n                <div class=\"image-wrap\">\n                    <a href=\"https:\/\/adliberum.lt\/mokymai\/mokymai\/meta-reklamos-mokymai-pro-video-irasai-konsultacija\/\"><img width=\"1602\" height=\"1602\" src=\"https:\/\/adliberum.lt\/mokymai\/wp-content\/uploads\/2021\/10\/austin-distel-VvAcrVa56fc-unsplash-e1636012393357.jpg\" class=\"attachment-full size-full\" alt=\"\" decoding=\"async\" loading=\"eager\" srcset=\"https:\/\/adliberum.lt\/mokymai\/wp-content\/uploads\/2021\/10\/austin-distel-VvAcrVa56fc-unsplash-e1636012393357.jpg 1602w, https:\/\/adliberum.lt\/mokymai\/wp-content\/uploads\/2021\/10\/austin-distel-VvAcrVa56fc-unsplash-e1636012393357-300x300.jpg 300w, https:\/\/adliberum.lt\/mokymai\/wp-content\/uploads\/2021\/10\/austin-distel-VvAcrVa56fc-unsplash-e1636012393357-1024x1024.jpg 1024w, https:\/\/adliberum.lt\/mokymai\/wp-content\/uploads\/2021\/10\/austin-distel-VvAcrVa56fc-unsplash-e1636012393357-150x150.jpg 150w, https:\/\/adliberum.lt\/mokymai\/wp-content\/uploads\/2021\/10\/austin-distel-VvAcrVa56fc-unsplash-e1636012393357-768x768.jpg 768w, https:\/\/adliberum.lt\/mokymai\/wp-content\/uploads\/2021\/10\/austin-distel-VvAcrVa56fc-unsplash-e1636012393357-1536x1536.jpg 1536w, https:\/\/adliberum.lt\/mokymai\/wp-content\/uploads\/2021\/10\/austin-distel-VvAcrVa56fc-unsplash-e1636012393357-600x600.jpg 600w, https:\/\/adliberum.lt\/mokymai\/wp-content\/uploads\/2021\/10\/austin-distel-VvAcrVa56fc-unsplash-e1636012393357-100x100.jpg 100w\" sizes=\"(max-width: 1602px) 100vw, 1602px\" \/><\/a>                <\/div>\n            <\/div>\n        <\/div>\n    <\/li>\n        <li class=\"mokymas-block\">\n        <div class=\"eael-product-slider \">\n            <div class=\"product-details-wrap\">\n                <div class=\"product-details\">\n\t\t\t\t\t<br \/>\n\t\t\t        <a href=\"https:\/\/adliberum.lt\/mokymai\/mokymai\/konsultacija\/\"><div class=\"eael-product-title\"><h2>Reklamos, marketingo konsultacija, auditas (asmeniniai mokymai)<\/h2><\/div><\/a>\t\t\t\t\t<br \/>\n\t\t\t\t\t<ul class=\"elementor-icon-list-items\">\n\t\t\t\t\t\t<li class=\"elementor-icon-list-item\">\n\t\t\t\t\t\t\t<span class=\"elementor-icon-list-icon blue-spalva\"><i aria-hidden=\"true\" class=\"far fa-calendar-alt\"><\/i><\/span>\n\t\t\t\t\t\t\t<span class=\"elementor-icon-list-text\">Gyvai arba internetu<\/span>\n\t\t\t\t\t\t<\/li>\n\t\t\t\t\t\t\t\t\t\t\t\t<li class=\"elementor-icon-list-item\">\n\t\t\t\t\t\t\t<span class=\"elementor-icon-list-icon blue-spalva\"><i aria-hidden=\"true\" class=\"fas fa-book-open\"><\/i><\/span>\n\t\t\t\t\t\t\t<span class=\"elementor-icon-list-text\">1 val.<\/span>\n\t\t\t\t\t\t<\/li>\n\t\t\t\t\t<\/ul>\n\t\t\t\t\t\n\t\t\t\t\t\n\n\t\t\t\t\t\t<div class=\"elementor-button-wrapper\">\n\t\t\t\t\t\t\t<a style=\"padding: 5px 10px;color: white;font-weight: 600;padding-top: 7px; background: #2d8cff;\" class=\"elementor-button elementor-size-xs\" role=\"button\">\n\t\t\t\t\t\t\t\t<span class=\"elementor-button-content-wrapper\">\n\t\t\t\t\t\t\t\t\t<span class=\"elementor-button-icon elementor-align-icon-left\">\n\t\t\t\t\t\t\t\t\t\t<i aria-hidden=\"true\" class=\"far fa-eye\"><\/i>\n\t\t\t\t\t\t\t\t\t<\/span>\n\t\t\t\t\t\t\t\t\t<span class=\"elementor-button-text\">Atsakymai \u012f visus klausimus<\/span>\n\t\t\t\t\t\t\t\t<\/span>\n\t\t\t\t\t\t\t<\/a>\n\t\t\t\t\t\t<\/div>\t\t\t\n\n\t\t\t\t\t\n\t\t\t        \t\t\t        <div class=\"eael-product-price\"><span class=\"woocommerce-Price-amount amount\"><bdi>200.00&nbsp;<span class=\"woocommerce-Price-currencySymbol\">&euro;<\/span><\/bdi><\/span><\/div>\t\t\t\t\t\n\t\t\t\t\t<a class=\"daugiau-info\" href=\"https:\/\/adliberum.lt\/mokymai\/mokymai\/konsultacija\/\"><i class=\"fas fa-link\"><\/i> Daugiau informacijos<\/a>                <\/div>\n\n            <\/div>\n            <div class=\"product-image-wrap\">\n                <div class=\"image-wrap\">\n                    <a href=\"https:\/\/adliberum.lt\/mokymai\/mokymai\/konsultacija\/\"><img width=\"816\" height=\"816\" src=\"https:\/\/adliberum.lt\/mokymai\/wp-content\/uploads\/2022\/12\/IMG_1493.jpg\" class=\"attachment-full size-full\" alt=\"\" decoding=\"async\" loading=\"eager\" srcset=\"https:\/\/adliberum.lt\/mokymai\/wp-content\/uploads\/2022\/12\/IMG_1493.jpg 816w, https:\/\/adliberum.lt\/mokymai\/wp-content\/uploads\/2022\/12\/IMG_1493-300x300.jpg 300w, https:\/\/adliberum.lt\/mokymai\/wp-content\/uploads\/2022\/12\/IMG_1493-150x150.jpg 150w, https:\/\/adliberum.lt\/mokymai\/wp-content\/uploads\/2022\/12\/IMG_1493-768x768.jpg 768w, https:\/\/adliberum.lt\/mokymai\/wp-content\/uploads\/2022\/12\/IMG_1493-600x600.jpg 600w, https:\/\/adliberum.lt\/mokymai\/wp-content\/uploads\/2022\/12\/IMG_1493-100x100.jpg 100w\" sizes=\"(max-width: 816px) 100vw, 816px\" \/><\/a>                <\/div>\n            <\/div>\n        <\/div>\n    <\/li>\n    <\/ul><\/div>            <!-- Add Pagination -->\n            <div class=\"swiper-pagination swiper-pagination-796860d dots-preset-1\"><\/div>\n                    <\/div>\n        \t\t<\/div>\n\t\t\t\t<\/div>\n\t\t\t\t\t<\/div>\n\t\t<\/div>\n\t\t\t\t\t\t\t<\/div>\n\t\t<\/section>\n\t\t\t\t\t\t<\/div>\n\t\t\t\t\t<\/div>\n\t\t","protected":false},"excerpt":{"rendered":"<p>Efektyvi reklama, kuri parduoda. Meta reklamos mokymai ir marketingo agent\u016bra augantiems verslams. Ad Liberum paslaugos Facebook, Instagram reklamos mokymai pradedantiesiems + video \u012fra\u0161ai 2023-05-30 15:00 &#8211; 18:00 2023-05-31 15:00 &#8211; 18:00 8 ak. val. Internetu, Zoom seminaras 85.00&nbsp;&euro; Daugiau informacijos Facebook, Instagram reklamos mokymai pa\u017eengusiems + video \u012fra\u0161ai 2023-06-06 15:00 &#8211; 18:00 2023-06-07 15:00 &#8211; [&hellip;]<\/p>\n","protected":false},"author":1,"featured_media":0,"parent":0,"menu_order":0,"comment_status":"closed","ping_status":"closed","template":"elementor_header_footer","meta":[],"_links":{"self":[{"href":"https:\/\/adliberum.lt\/mokymai\/wp-json\/wp\/v2\/pages\/2"}],"collection":[{"href":"https:\/\/adliberum.lt\/mokymai\/wp-json\/wp\/v2\/pages"}],"about":[{"href":"https:\/\/adliberum.lt\/mokymai\/wp-json\/wp\/v2\/types\/page"}],"author":[{"embeddable":true,"href":"https:\/\/adliberum.lt\/mokymai\/wp-json\/wp\/v2\/users\/1"}],"replies":[{"embeddable":true,"href":"https:\/\/adliberum.lt\/mokymai\/wp-json\/wp\/v2\/comments?post=2"}],"version-history":[{"count":149,"href":"https:\/\/adliberum.lt\/mokymai\/wp-json\/wp\/v2\/pages\/2\/revisions"}],"predecessor-version":[{"id":1444,"href":"https:\/\/adliberum.lt\/mokymai\/wp-json\/wp\/v2\/pages\/2\/revisions\/1444"}],"wp:attachment":[{"href":"https:\/\/adliberum.lt\/mokymai\/wp-json\/wp\/v2\/media?parent=2"}],"curies":[{"name":"wp","href":"https:\/\/api.w.org\/{rel}","templated":true}]}}